-6 - (7 + -23))
-4
Calculate -9 - -2 - (-15 - -8).
0
Evaluate -13 + 14 + 1 + -4.
-2
What is the value of 4 - 7 - -5 - 7?
-5
What is the value of (6 - 0) + (47 - 52)?
1
2 + -2 + 15 - (166 - 160)
9
Calculate 28 + -26 + -1 + -10 + 2.
-7
What is the value of 1 + -7 - (5 + (-5 - 8))?
2
Calculate -4 + (1 - -2 - (-11 + 10)).
0
Evaluate 5 - (-1 + -4 + 10).
0
What is 6 - (1 - 2) - 2?
5
What is 8 - (-4 + -2 - -2 - -6)?
6
7 + -2 + (1 - 1)
5
What is the value of (10 - 6) + -2 + 4?
6
Evaluate 0 - -2 - ((-13 - -26) + -15).
4
Calculate 0 + -2 + (1 - -1) + 3.
3
-3 - (-5 - -7 - 1)
-4
What is the value of 11 + -8 + (-7 - 2) - -14?
8
Calculate 1 + 0 + 0 + (-2 - -2).
1
5 + (3 + -6 - -5)
7
What is 6 - (11 - 4 - 4) - 1?
2
-3 + -1 + 8 - 8
-4
Calculate 8 + 2 + -13 + 8.
5
Calculate 1 - (8 - (-5 - -15)).
3
Evaluate 10 + (-8 - 6) - -6.
2
Calculate (-2 - 0) + -8 + 6.
-4
Evaluate 7 - (6 + -2 + -3 + 3).
3
1 - (-1 - 3 - -3) - 3
-1
-8 + 21 + -6 - (2 - 1)
6
-6 + 6 + (-7 - -5)
-2
(-2 - -1) + 5 - 7
-3
What is (1 - -3) + (3 - 2)?
5
Evaluate -3 + (6 + 4 - 3).
4
What is the value of (-2 - -2) + 0 - (-5 - -2)?
3
Calculate 30 + -46 + (6 - 1).
-11
-13 + -6 + 18 + 2
1
Evaluate -2 - (6 - 14 - -4).
2
Calculate (5 - 1) + -2 + (-1 - 0).
1
(-1 - 2 - -12) + -4
5
Calculate 2 - (9 + (-4 - -2)).
-5
What is -5 + 15 + -4 - 9?
-3
Calculate 11 - ((-1 - -6) + 1).
5
Evaluate 2 + -6 + 2 + 6.
4
1 + 0 + (-4 + 6 - 5)
-2
Calculate -4 + (-8 - (-2 - 7)).
-3
Calculate (-7 - (0 + -4 + 0)) + 0.
-3
What is the value of 1 - 10 - -8 - 5?
-6
What is the value of 3 - (10 - (2 + 0))?
-5
What is 1 + 6 + -10 - 2?
-5
What is the value of -1 + 3 + 2 + -6 + -3?
-5
What is the value of -8 - -8 - (1 - (3 + 1))?
3
0 + -7 + -1 + -10 + 15
-3
Calculate 0 + 4 - (8 + -7) - 3.
0
-2 + -7 + (-32 - -47)
6
What is the value of -7 - -11 - (-1 + 4)?
1
What is the value of 0 + (4 - 3) - 6?
-5
What is 2 - -3 - ((25 - 16) + -5)?
1
Evaluate -6 + (8 - (-4 + 4)).
2
Evaluate -2 - -7 - (2 + 1).
2
-8 - -5 - -7 - (-2 + -2)
8
-15 + 16 + -1 + -3
-3
Evaluate 4 + -4 - (-9 - -14).
-5
What is -9 - (-4 + 0 + -2 - 1)?
-2
Calculate -9 - -8 - (15 + -10).
-6
What is the value of 55 + -66 - (2 + -21)?
8
Calculate 1 + (-23 - -24) + 1 + 3.
6
What is the value of (-3 - (3 - 4)) + -2 + -1?
-5
Evaluate 12 + -9 + 14 - 9.
8
What is -8 + 3 - (-10 - (1 - 4))?
2
-1 - 4 - (19 + -20 - 7)
3
What is (-3 - -5) + (10 - 2) + -1?
9
5 + -4 + 11 + 2 - 4
10
(1 - 1) + -1 + -3
-4
What is (-1 - -2) + -59 + 54?
-4
What is the value of -4 - -3 - (-2 - 0)?
1
Evaluate (8 - 1) + 64 + -74.
-3
What is the value of -1 + 7 + 0 + (35 - 44)?
-3
Evaluate (4 - 4 - -4) + -3.
1
What is -1 + 2 + 0 + 1 + 3?
5
-1 + (-2 + 2 - -4) + 0
3
Evaluate (5 - 2) + -5 + 3 + 0.
1
Evaluate -2 + 2 + 1 + 4.
5
(-188 - -186) + (1 - -9) + 1
9
What is (1 - 10) + (-115 - -127)?
3
Calculate 0 + 6 + 4 + -5.
5
What is the value of (2 + -5 - -6) + -1 - 6?
-4
(1 - -4) + (-4 - 6)
-5
Evaluate 5 + -6 - (-1 + -1) - 6.
-5
What is -2 + (2 - (-9 - -5))?
4
-5 - (-4 - (4 - 5))
-2
-4 + (5 - (9 - 0) - -4)
-4
Calculate (-1 - 1) + -2 + -2 - -1.
-5
-1 - (-13 + (5 - -5) + -5)
7
Evaluate 1 + 3 + (-4 - 0) + 5.
5
What is (8 + -5 - (4 - 4)) + -5?
-2
Calculate -3 + 0 - (6 - 15 - -2).
4
Calculate -4 + 2 - 2 - -5.
1
What is -69 - -66 - (-1 + -3 - -1)?
0
What is the value of (-1 - 1) + 3 + -5?
-4
Evaluate -1 - ((22 - 27) + (0 - -2)).
2
Evaluate 5 + -7 + -7 - -4.
-5
Calculate -2 - (-3 - (1 - -2)).
4
What is 1 - (-6 + (5 - 3))?
5
What is -6 + -1 + 15 + -3 + -1?
4
What is (10 + -1 - 2) + -1 + -1?
5
-1 - (-1 + 0 + -2)
2
Evaluate (7 - 6) + -12 + 1 + 2.
-8
(1 - -8 - 0) + -4
5
What is 5 + (2 - 0) + -7?
0
What is the value of (9 - 10) + 4 + 1?
4
-13 + (12 - ((-4 - -4) + 6))
-7
Evaluate -3 - (-11 + 0 + 4).
4
What is 0 + (17 - 8 - (3 - 2))?
8
What is the value of 3 + -12 - -3 - (4 - 4)?
-6
What is -5 - (2 - 4) - (5 + -6)?
-2
-1 - ((-4 - (3 + -3)) + 7)
-4
Calculate 0 - (12 + -8) - (-2 + -1).
-1
-4 - 1 - (-2 + 1)
-4
What is the value of 2 - -1 - (-2 + 7)?
-2
-2 + 5 - (0 - 0) - 5
-2
0 - (5 - 2 - (-1 + -1))
-5
What is the value of -6 - (-9 - (-2 - 1))?
0
What is 5 + 4 + -1 + -1 + -11?
-4
Calculate -16 + -5 + 7 + 13.
-1
What is the value of (-1 + -1 - -5 - 4) + 2?
1
Evaluate 6 + -4 - -4 - (2 - 3).
7
What is the value of -7 + 4 + -5 + 0 + 3?
-5
Calculate -1 - (12 - 5) - -11.
3
What is (2 - (-2 - -3)) + -2?
-1
1 + -6 + (-3 - -9) + 3
4
2 + (-4 - (-5 - -5 - 2))
0
What is -9 + (4 - (-4 - -4))?
-5
What is the value of (-5 - (-5 + -1)) + 4?
5
What is the value of 53 + -63 - (0 - 15)?
5
What is the value of 1 - (-2 + -3 + 4 + -1)?
3
-2 + (-1 - (1 - -2)) + 4
-2
Calculate 0 + 8 - (3 - 0) - 4.
1
What is -12 + 4 + 3 + 6?
1
What is the value of -6 + -2 - (-2 - 1)?
-5
What is -8 - (1 - 3) - -6?
0
What is 0 - (-4 + -1 + (4 - -2))?
-1
Calculate -3 + (-3 - 6 - -21).
9
What is the value of 2 + -11 - ((-4 - -3) + -3)?
-5
What is the value of -4 + 2 - (-12 - (11 + -18))?
3
Calculate -6 + -5 + 2 - -2.
-7
Evaluate -8 - (2 + 1 + -6).
-5
What is 0 + 2 + -2 + 3 + 1?
4
Evaluate 2 + (4 - (2 + 0)).
4
What is 1 - (-11 + (15 - 7))?
4
Calculate (-3 - -14) + -12 - 5.
-6
What is the value of 0 + 11 + -3 + -14?
-6
Calculate (-1 + -4 - -4) + 2.
1
0 - (1 - -4) - -9
4
Calculate 1 - -3 - (-7 - (-1 - 16)).
-6
Evaluate -50 - -49 - (1 - -1).
-3
Evaluate -4 - 1 - (-3 - (-3 + 3)).
-2
Calculate (0 - 0) + -10 + 11 + -1.
0
3 + 10 - 4 - 4
5
What is (-4 - -3) + -7 + 4?
-4
-3 - 6 - (-10 - -4)
-3
Evaluate 72 + -76 - (-4 + 2 + -2).
0
-1 + (15 - 5) + -4
5
(11 - (-11 + 21)) + 2
3
Evaluate 2 - (-1 - 0) - -2.
5
What is 11 - 8 - (4 + (-4 - -2))?
1
What is (0 - 3) + -3 + 12 + -7?
-1
What is 1 + (-3 - (0 - 2 - -1))?
-1
What is 3 + (10 - (6 + (-5 - -4)))?
8
What is the value of 1 + 0 - (-3 + 8)?
-4
Calculate 13 + -9 + -1 + 1.
4
(3 - 5 - -8) + (3 - 5)
4
-1 + (-7 - -4 - -5) + 1
2
What is 3 + -3 + 12 + -21 + 7?
-2
What is the value of -1 - (-2 + 1 + -1 + 4)?
-3
What is the value of (-13 + 6 - -1) + 1?
-5
10 + (0 - (17 - 10))
3
What is the value of (-189 - -179) + (2 - (2 + 0))?
-10
Evaluate 0 - ((-1 - 2) + 16 + -8).
-5
What is the value of 5 + (2 + 5 - 10)?
2
What is the value of 14 + 7 + -17 + 1 + -11?
-6
(2 + -1 - (-2 + 0)) + 2
5
-9 + 11 + (0 - -1 - 5)
-2
3 - 0 - (11 - 13)
5
7 + -2 + -12 - (3 - 7)
-3
Calculate -4 + (1 - (-4 + 3)) + 5.
3
What is the value of -8 + 5 + 3 - 2?
-2
What is 4 + (6 - 11) + 1?
0
-1 + 4 - 1 - -3
5
What is the value of 1 + 1 + -2 + (5 - 3)?
2
What is 0 - (-4 - (-7 + 3))?
0
Evaluate 0 - -1 - (-2 + (12 - 10)).
1
What is -1 + (3 + 1 - 1) + 0?
2
What is -9 + (12 - -3) + -7 + 2?
1
Calculate 5 - (24 + -3 + -7).
-9
Calculate 16 + -13 - (2 + -5 + 1).
5
(11 - 4 - 3) + -2 + 3
5
What is the value of (4 - (7 + 2)) + 5 - 2?
-2
0 - -1 - ((-3 - -7) + -3)
0
What is the value of (4 - (-4 + (9 - -1))) + -6?
-8
-1 + 6 + -6 + 1 + 3
3
Calculate -2 - (-1 + -3 - 5 - -4).
3
What is (-2 + -3 - (0 - 1)) + 3?
-1
Calculate (16 - (-7 + 12)) + -3 + -2.
6
What is -2 - (0 - (0 + 4))?
2
Calculate -9 - (2 - (10 - (13 + -6))).
-8
Evaluate -4 - (-4 - (-4 - -5 - 3)).
-2
What is 50 - 49 - (1 - 0 - 2)?
2
8 - (-3 - (-9 - (-6 - -3)))
5
What is 8 + -21 + 10 + (6 - 1)?
2
What is the value of -3 + 2 + 0 + (3 - 4)?
-2
Evaluate (0 - -9) + (9 + -20 - -8).
6
1 - (6 - (1 + 2))
-2
Calculate -3 + 1 - (-1 - 0).
-1
Evaluate -10 + 5 + (8 - 2).
1
(-2 - -3) + -1 + 5
5
Evaluate 9 + (1 - 2) + -4 + -2.
2
Calculate 0 - (-2 + -2 - 1) - 13.
-8
Calculate 2 + (-2 - 2) - -1.
-1
What is -8 - (-4 + (-3 + 2 - 0))?
-3
What is 0 + -4 + -2 + (1 - -1)?
-4
Calculate 7 - (-3 - (3 + -10)).
3
Calculate -3 - -13 - (7 + 1).
2
What is the value of 9 - (-3 + 10) - 1?
1
Evaluate (-14 - -6) + -3 + 16.
5
Calculate 2 - 1 - (-48 - -48).
1
What is -1 + (6 - 0) + 60 + -63?
2
-1 - (1 - (2 - -5))
5
Evaluate (-2 - (-1 - (1 + 1))) + -3.
-2
Evaluate 13 + -12 + -10 - -18.
9
(7 - 3) + -9 - -1
-4
What is the value of 2 - (1 + (0 - -1)) - -5?
5
What is 3 + 2 + 1 + 2 + -7?
1
Calculate 7 + 10 + -17 - -7.
7
What is the value of (2 - -4) + (-2 - -1)?
5
Evaluate 6 - (3 + (-4 - (3 - 5))).
5
Evaluate 1 + -3 + -1 - -3 - 0.
0
What is the value of -4 - (1 - (4 + 3))?
2
Evaluate 3 - 0 - (4 + -1 + -4).
4
What is the value of 2 + -4 - (-4 - (-6 + -1))?
-5
What is (-5 - -2) + (7 - (-3 + 2))?
5
Evaluate -6 + 2 + 4 - 4.
-4
What is the value of 17 + (-13 - (-12 + 8))?
8
Calculate -10 + (-2 - (-10 - -2)